{"version":"1.0","provider_name":"Die Cloud-Gruppe","provider_url":"https:\/\/thecloud.group\/de","title":"Facebook y metaverso descentralizados, \u00bfa d\u00f3nde ir?","type":"rich","width":600,"height":338,"html":"<blockquote class=\"wp-embedded-content\" data-secret=\"bzeVBwG8mi\"><a href=\"https:\/\/thecloud.group\/de\/facebook-y-metaverso-descentralizados\/\">Facebook und das dezentrale Metaverse \u2013 wohin geht die Reise?<\/a><\/blockquote><iframe sandbox=\"allow-scripts\" security=\"restricted\" src=\"https:\/\/thecloud.group\/de\/facebook-y-metaverso-descentralizados\/embed\/#?secret=bzeVBwG8mi\" width=\"600\" height=\"338\" title=\"&#8222;Facebook y metaverso descentralizados, \u00bfa d\u00f3nde ir?&#8220; &#8211; The Cloud Group\" data-secret=\"bzeVBwG8mi\" frameborder=\"0\" marginwidth=\"0\" marginheight=\"0\" scrolling=\"no\" class=\"wp-embedded-content\"><\/iframe><script>\n\/*! This file is auto-generated *\/\n!function(d,l){\"use strict\";l.querySelector&&d.addEventListener&&\"undefined\"!=typeof URL&&(d.wp=d.wp||{},d.wp.receiveEmbedMessage||(d.wp.receiveEmbedMessage=function(e){var t=e.data;if((t||t.secret||t.message||t.value)&&!\/[^a-zA-Z0-9]\/.test(t.secret)){for(var s,r,n,a=l.querySelectorAll('iframe[data-secret=\"'+t.secret+'\"]'),o=l.querySelectorAll('blockquote[data-secret=\"'+t.secret+'\"]'),c=new RegExp(\"^https?:$\",\"i\"),i=0;i<o.length;i++)o[i].style.display=\"none\";for(i=0;i<a.length;i++)s=a[i],e.source===s.contentWindow&&(s.removeAttribute(\"style\"),\"height\"===t.message?(1e3<(r=parseInt(t.value,10))?r=1e3:~~r<200&&(r=200),s.height=r):\"link\"===t.message&&(r=new URL(s.getAttribute(\"src\")),n=new URL(t.value),c.test(n.protocol))&&n.host===r.host&&l.activeElement===s&&(d.top.location.href=t.value))}},d.addEventListener(\"message\",d.wp.receiveEmbedMessage,!1),l.addEventListener(\"DOMContentLoaded\",function(){for(var e,t,s=l.querySelectorAll(\"iframe.wp-embedded-content\"),r=0;r<s.length;r++)(t=(e=s[r]).getAttribute(\"data-secret\"))||(t=Math.random().toString(36).substring(2,12),e.src+=\"#?secret=\"+t,e.setAttribute(\"data-secret\",t)),e.contentWindow.postMessage({message:\"ready\",secret:t},\"*\")},!1)))}(window,document);\n\/\/# sourceURL=https:\/\/thecloud.group\/wp-includes\/js\/wp-embed.min.js\n<\/script>","thumbnail_url":"https:\/\/thecloud.group\/wp-content\/uploads\/2022\/07\/Facebook-y-metaverso-scaled.jpg","thumbnail_width":2560,"thumbnail_height":1921,"description":"Facebook y metaverso descentralizados, \u00bfa d\u00f3nde ir? En el post anterior ya te explicamos que es el Metaverso . Ahora que ya sabemos c\u00f3mo ser\u00e1n los Metaverso, habremos sobre el impacto que tendr\u00e1 en el mundo de las Realidades Virtuales. As\u00ed como vimos el impacto que tuvo la Segunda Generaci\u00f3n de Realidades Virtuales en el [&hellip;]"}

Facebook y metaverso descentralizados, ¿a dónde ir?

<blockquote class="wp-embedded-content" data-secret="bzeVBwG8mi"><a href="https://thecloud.group/de/facebook-y-metaverso-descentralizados/">Facebook und das dezentrale Metaverse – wohin geht die Reise?</a></blockquote><iframe sandbox="allow-scripts" security="restricted" src="https://thecloud.group/de/facebook-y-metaverso-descentralizados/embed/#?secret=bzeVBwG8mi" width="600" height="338" title="&#8222;Facebook y metaverso descentralizados, ¿a dónde ir?&#8220; &#8211; The Cloud Group" data-secret="bzeVBwG8mi" frameborder="0" marginwidth="0" marginheight="0" scrolling="no" class="wp-embedded-content"></iframe><script>
/*! This file is auto-generated */
!function(d,l){"use strict";l.querySelector&&d.addEventListener&&"undefined"!=typeof URL&&(d.wp=d.wp||{},d.wp.receiveEmbedMessage||(d.wp.receiveEmbedMessage=function(e){var t=e.data;if((t||t.secret||t.message||t.value)&&!/[^a-zA-Z0-9]/.test(t.secret)){for(var s,r,n,a=l.querySelectorAll('iframe[data-secret="'+t.secret+'"]'),o=l.querySelectorAll('blockquote[data-secret="'+t.secret+'"]'),c=new RegExp("^https?:$","i"),i=0;i<o.length;i++)o[i].style.display="none";for(i=0;i<a.length;i++)s=a[i],e.source===s.contentWindow&&(s.removeAttribute("style"),"height"===t.message?(1e3<(r=parseInt(t.value,10))?r=1e3:~~r<200&&(r=200),s.height=r):"link"===t.message&&(r=new URL(s.getAttribute("src")),n=new URL(t.value),c.test(n.protocol))&&n.host===r.host&&l.activeElement===s&&(d.top.location.href=t.value))}},d.addEventListener("message",d.wp.receiveEmbedMessage,!1),l.addEventListener("DOMContentLoaded",function(){for(var e,t,s=l.querySelectorAll("iframe.wp-embedded-content"),r=0;r<s.length;r++)(t=(e=s[r]).getAttribute("data-secret"))||(t=Math.random().toString(36).substring(2,12),e.src+="#?secret="+t,e.setAttribute("data-secret",t)),e.contentWindow.postMessage({message:"ready",secret:t},"*")},!1)))}(window,document);
//# sourceURL=https://thecloud.group/wp-includes/js/wp-embed.min.js
</script>

Facebook y metaverso descentralizados, ¿a dónde ir? En el post anterior ya te explicamos que es el Metaverso . Ahora que ya sabemos cómo serán los Metaverso, habremos sobre el impacto que tendrá en el mundo de las Realidades Virtuales. Así como vimos el impacto que tuvo la Segunda Generación de Realidades Virtuales en el [&hellip;]
